hest common divisor of x and y.
10
Suppose 0 = 2*i + 4*w - 15 - 11, -3*i = 5*w - 39. Let d(l) = -l + 26. Let x be d(0). Calculate the highest common divisor of i and x.
13
Let f(s) = 134*s**3 - 2*s**2 + 6*s. Let l be f(3). What is the greatest common divisor of l and 134?
134
Let t = 787 - 786. Calculate the greatest common factor of 8 and t.
1
Suppose 2*m + 3*m - 21 = -3*a, 0 = 3*m - a - 7. Suppose -5*v = -835*k + 836*k - 56, -196 = -5*k - 4*v. What is the greatest common divisor of k and m?
3
Suppose 2*b = -2*b - 8. Let m be 3 + (22/b - 2). Let p = 11 + m. Calculate the greatest common divisor of 9 and p.
1
Suppose -4*b = -8*b - 3*s + 54, b + s = 14. Let l = 177 - b. Let k(g) = g**2 + 4*g - 27. Let y be k(6). Calculate the greatest common factor of y and l.
33
Let f(a) = 12*a - 1. Let w be f(2). Let m = w + 131. Let v = -82 + m. Calculate the greatest common factor of 9 and v.
9
Let f(i) = 26*i - 369. Let v be f(21). What is the greatest common factor of 3 and v?
3
Suppose 0 = -2*y - 8*y + 30. Suppose -y*q - 132 = -3*h, -72 = -2*h + q + 16. What is the highest common factor of 22 and h?
22
Let j(g) = -5*g**2 - g + 2*g + 4*g**2 - 1 + 2*g**2. Let v be j(2). Let f be ((-38)/v)/((-2)/5). Calculate the highest common divisor of 76 and f.
19
Let i = -8 - -20. Suppose -3*l + 3*t = 2*l - 28, 0 = -2*l + 4*t. Suppose -2 = -3*z - j + 12, l = -2*z - 5*j. Calculate the highest common factor of i and z.
6
Suppose -15*m = -25*m + 100. Let n(v) = 12*v - 27. Let o be n(m). What is the greatest common factor of o and 31?
31
Let r = 364 + -220. What is the greatest common divisor of 9 and r?
9
Let c(z) = 3*z - z**3 - 3*z**3 + 3*z**3 + 7 + 4*z - 2*z**2. Let u be c(-4). What is the greatest common factor of 33 and u?
11
Let j(a) be the third derivative of -a**6/120 - a**5/6 + 11*a**4/12 + 2*a**3 - 31*a**2. Let v be j(-12). Calculate the greatest common factor of v and 12.
12
Let t be (-21)/(-35) - (-194)/10. Calculate the highest common factor of t and 10.
10
Let h(p) = -p**3 - 2*p**2 + 2*p. Let s = 2 + -7. Let v be h(s). Suppose 2*a + 347 = 4*f - v, 2*a = -2*f + 218. Calculate the highest common factor of 15 and f.
15
Suppose -644*j + 330 = -634*j. What is the greatest common factor of 121 and j?
11
Let o = 2003 - -301. What is the highest common divisor of 144 and o?
144
Let p(a) be the second derivative of 3*a**3/2 - 7*a**2 + 22*a. Let b be p(10). What is the greatest common factor of b and 19?
19
Suppose 848 = 3*o - 484. Suppose -4*z + o = -z. Suppose 0 = -3*v + 7*v - 4*h - z, -165 = -5*v + h. Calculate the greatest common factor of v and 80.
16
Let f be -1*(-10)/2 - (-2134)/194. What is the highest common divisor of f and 304?
16
Let o be (-80)/(-6)*(-1*22 + -2). Let j = o - -570. What is the highest common divisor of j and 50?
50
Suppose -18*d + 44 = 34*d - 1100. Suppose -6 = -n - n. Suppose -n*f = -145 - 20. What is the greatest common divisor of f and d?
11
Let c(w) = 6*w**2 - 6*w - 90. Let s be c(5). What is the highest common divisor of s and 820?
10
Suppose 4*u + 10 = 2*a, -3*a + a + 12 = -2*u. Let s be 40/6 + (-14)/(-42). What is the greatest common factor of a and s?
7
Let l be (-68)/(-8)*(17 + -13). Calculate the highest common factor of l and 306.
34
Let d(z) = 8*z**2. Let k be d(-1). Suppose -9*t + 324 = -5*t. Let l = t + -41. What is the greatest common divisor of l and k?
8
Let s(q) = q**2 + 4*q + 24. Let f(i) = -4*i**2 - 13*i - 72. Let h(u) = -2*f(u) - 7*s(u). Let n be h(13). What is the highest common divisor of n and 17?
17
Let l(m) be the third derivative of m**5/30 - 5*m**4/8 + 2*m**3/3 - 2*m**2. Let w be l(8). Calculate the highest common factor of w and 3.
3
Suppose 5*q = -2*l + 313, 5*q + 2 = 7*q. What is the greatest common factor of l and 44?
22
Suppose 252 = 35*c - 28*c. Calculate the greatest common factor of 1356 and c.
12
Let n(o) = -2*o - 9. Let s be n(-6). Let g(a) = 4*a**3 + 2*a + a - 12*a - 6*a**2 - 5*a**s. Let h be g(-4). What is the greatest common divisor of h and 1?
1
Suppose 0 = -0*l + l - 163. Suppose 0 = 2*y - l - 189. Suppose 4*k = -0*k + y. Calculate the greatest common divisor of k and 22.
22
Let t = 18 + -15. Suppose -3*z - 2*n = -171, -n = -3*z + t*n + 153. What is the greatest common factor of z and 5?
5
Suppose 6*m + 180 - 540 = 0. Suppose -h = -3 - 3. What is the greatest common factor of m and h?
6
Let i be (-16)/3*(-2)/((-6)/9). Let n be i/6*60/(-8). Calculate the greatest common factor of n and 140.
20
Suppose 37*i - 5854 = 46686. Calculate the greatest common factor of i and 40.
20
Suppose 0 = -b - 40 - 44. Let q be (30 + -4)*b/(-8). What is the greatest common factor of q and 39?
39
Suppose 3*u = -u + 8. Let q(z) = 2 - u + z + 6 + 0*z. Let x be q(0). What is the greatest common factor of x and 18?
6
Suppose -5*d - 26 = 54. Let v = d + 35. Suppose 14*z = v*z - 25. Calculate the highest common factor of z and 5.
5
Let m be (-3)/3 + 23 + 3 - 5. Calculate the greatest common factor of 10 and m.
10
Let v(d) = 4*d**2 - 7*d - 75. Let b be v(-7). What is the highest common factor of 136 and b?
34
Suppose 5*t + 2*z = 8, 0 = -4*t + 2*z + 2*z + 12. Suppose 0 = -t*r - p + 2*p + 464, -3*p - 1161 = -5*r. Calculate the highest common factor of r and 21.
21
Suppose -3*t + 15 = -x, -3*t = -5*x - 1 - 2. Suppose -t*b + 5*n + 55 = -b, b - 23 = -2*n. Calculate the greatest common factor of b and 45.
15
Let k = 1079 - 423. What is the highest common divisor of k and 16?
16
Suppose -14*o + 15*o = 10. Suppose o*l = 6*l + 24. Suppose -l*s - 4 = -10*s. Calculate the greatest common divisor of 4 and s.
1
Let j be 324/10 + 28/(-70). Let l = j + -11. Calculate the greatest common divisor of 42 and l.
21
Let n = -44 - -76. Let y = 44 - n. What is the highest common factor of 96 and y?
12
Let l(u) = -u**2 - 12*u - 5. Let w be l(-1). What is the greatest common factor of w and 12?
6
Suppose -5*u + 6 = -9. Let m(q) = 2*q - 4*q + u*q + 12. Let i be m(-7). What is the greatest common factor of i and 45?
5
Let t(b) = 2*b**2 - 53*b - 25. Let k be t(30). Calculate the highest common factor of k and 111.
37
Let z = -665 + 3533. Calculate the highest common factor of 12 and z.
12
Let l(k) = -k**3 + 12*k**2 + 2*k - 10. Let o be l(12). Calculate the greatest common factor of 112 and o.
14
Suppose 28*w - 23*w = 30. Suppose 2*n - w = 3*i + 7, -2*n = 4*i - 20. What is the highest common factor of n and 1?
1
Suppose 5*m - 2714 = 3*g, 3*m + 2*g - 1014 = 622. What is the greatest common divisor of 32 and m?
32
Let a = -128 + 236. What is the highest common divisor of a and 4?
4
Let i(p) = 94*p**2 - p + 1. Let z be i(-1). Let h = z - 46. What is the greatest common divisor of 20 and h?
10
Let y = -3952 - -3966. Suppose g - 82 - 30 = 0. Calculate the highest common factor of y and g.
14
Suppose -46*v = -61*v + 1050. Let m = 123 - 265. Let w be m/(-10) - 1/5. What is the greatest common factor of v and w?
14
Suppose -5*a + 2*a + l - 73 = 0, 2*l + 10 = 0. Let f = a + 116. Let d = -26 + 36. Calculate the greatest common divisor of f and d.
10
Let u be (4 + 2429/28)/((-12)/(-32)). What is the highest common factor of 44 and u?
22
Let o = -178 + 213. Calculate the highest common divisor of 7 and o.
7
Let h(y) = 9*y**2 - 8*y + 11. Let r be h(-9). Let x be r/42 - 4/3. What is the greatest common divisor of 12 and x?
6
Suppose -3*y - 374 + 959 = 0. Suppose -32*k + 41*k = 702. Calculate the greatest common factor of y and k.
39
Suppose -l + 2*v + 2*v = -561, 2*v + 557 = l. What is the greatest common factor of l and 316?
79
Suppose 3*i + 5*q = 88, -5*q + 140 = -5*i + 10*i. What is the greatest common divisor of i and 494?
26
Let q be (-50)/(-2) - (14 - 69)/(-11). What is the highest common factor of 630 and q?
10
Suppose 5*z - 27 = 4*y, -4 - 11 = 5*y. Suppose -5*q + 5*n + 75 = 0, 0 = z*q + 4*n - 63 - 17. What is the highest common factor of q and 5?
5
Let k be (4/(-10))/(2/(-10)). Suppose 0 = -7*p + k*p + 55. Let v be (-44)/p*(-3)/1. Calculate the greatest common factor of v and 108.
12
Suppose 82 + 24 = 2*u. Suppose 4*m + 3*s = s + 82, -2*m + 3*s = -u. Calculate the highest common divisor of m and 242.
22
Let n be 3*(-1)/(-1) + -1. Let z(j) = -4*j + 6. Let q(i) = 5*i - 5. Let t(h) = 3*q(h) + 2*z(h). Let p be t(n). Calculate the greatest common factor of p and